 + 3*y**2 + 2*y + 3. Let t(v) = o(v) + u(v). Give t(n).
2
Let s(l) be the second derivative of -l**3/2 + 3*l**2/2 + 11684*l. Let w(m) = -m**2 - 12*m - 9. Let b be w(-11). Calculate s(b).
-3
Let x be 1/(-2 + 2 - 1/2). Let h = -5 - x. Let b(u) = -3*u + 3. What is b(h)?
12
Let y(h) = h**2 - 3*h - 1. Let a = -36 - -40. Suppose 33 = -a*s + 5*r, -2*s = 3*s + r + 5. Give y(s).
9
Suppose 60*r - 56*r - 2*p + 56 = 0, -3*r + 3*p - 48 = 0. Let d(m) = 3*m + 8. Determine d(r).
-28
Let v = -206 + 223. Suppose 0*p = 5*p + 4*z - v, -2*z = -p - 5. Let o(d) = -7*d + 1. Determine o(p).
-6
Let t(u) = 2*u**3 + 2*u + 1. Let w(l) = 41*l**3 + 1. Let n be w(-1). Let x be n/(-18) + (-6)/27. Suppose x*s + 6 = 4. What is t(s)?
-3
Let d(w) = 10*w**2 + 160*w - 3. Let c be d(-16). Let f(m) = -m**2 + m + 5. Determine f(c).
-7
Let v(w) = -w**3 - 6*w**2 + 4*w - 15. Suppose -4*x + 11 = 3*a - 2*a, 0 = a + 5*x - 14. Let p be a/(6/14 - 36/126). Determine v(p).
6
Let m = -133 + 135. Let p(c) = -c**m + 3*c - c + 2 + 1. Give p(3).
0
Let k(n) = -2*n**3 + 3*n**2 + 4*n - 2. Suppose -6*i + 8 + 28 = 0. Let u(f) = 4*f**3 - 6*f**2 - 9*f + 4. Let s(o) = i*u(o) + 13*k(o). What is s(2)?
-10
Let z(f) = 9*f - 1. Let h(b) = -46*b - 44. Let r(d) = -h(d) - 5*z(d). Give r(-28).
21
Let g(w) = -5*w + 7. Let f(t) = 3*t - 3. Let p(y) = -7*f(y) - 4*g(y). Suppose 13*j - 72698 + 72776 = 0. Calculate p(j).
-1
Let s(c) be the second derivative of -c**5/20 - c**4/3 + 10*c**3/3 - c**2/2 + 237*c. Calculate s(-7).
6
Let d = -24855 + 24877. Let v(h) = h**3 - 21*h**2 - 19*h - 20. Give v(d).
46
Suppose 37*d + 13791 - 13643 = 0. Let b(q) = -10*q - 26. Let i(r) = -9*r - 26. Let k(x) = -2*b(x) + 3*i(x). Give k(d).
2
Let v(l) = l**3 - 5*l**2 + l + 4. Suppose -3*f - 3 = -9. Suppose 9 = -3*p - 0*c - f*c, 5*p + 2*c + 19 = 0. Let b be -2 + p/(10/(-14)). Calculate v(b).
9
Suppose x - 43 = -3*i - 20, 2*x = 2*i - 2. Let r be i + (-90)/6 + 7. Let b(l) = -l - 1. Give b(r).
1
Let z(v) = 4*v + 11 + 57 - 14. Determine z(-12).
6
Let a(k) = -7*k + 7. Let v(u) = u - 2. Let z(h) = -a(h) - 3*v(h). Suppose 0*j + 14 = 2*j. Let l = j + -8. Calculate z(l).
-5
Let d(v) = 2*v - 50. Let i be d(25). Suppose i - 17 = -t. Suppose -t - 13 = -6*y. Let r(l) = -l**2 + 4*l - 5. Calculate r(y).
-10
Let p(q) = 8*q + 4. Let x = -13 - -12. Let k(g) = -5*g**3 - g**2 - 2*g - 1. Let n be k(x). Suppose 7 = -4*s - n. What is p(s)?
-20
Let v(q) be the third derivative of -q**4/3 - 29*q**3/6 + 57*q**2 + q. Determine v(-4).
3
Let v be 3 + (-63)/(-27)*9/(0 - 3). Let w(y) = 11*y**2 + 40*y + 4. Give w(v).
20
Let l(o) = -o**2 - 15*o + 37. Let j be l(-17). Suppose 8 = j*k + 2. Suppose 2*z - 6 = 3*p, -z + k*z - 8 = 4*p. Let i(d) = -d. What is i(p)?
2
Let u(i) = -18*i**2 - 2*i + 1. Let w = -71 + 72. Let l be 2 + (1 - -1) - (0 + w). Suppose -a - l = -3*y + 5, y = 2*a + 11. Calculate u(y).
-19
Let b(f) = -f + 2. Let s be (-110)/90 - (50/18 - 3). Let y(m) = -6*m + 9. Let k(v) = s*y(v) + 4*b(v). Determine k(6).
11
Let h(a) be the third derivative of a**7/120 - a**6/180 + a**4/24 + 36*a**3 - 273*a**2. Let d(x) be the first derivative of h(x). What is d(1)?
6
Let s be 7164/198 - 11 - 4/22. Let h(f) = f**3 - 26*f**2 + 25*f + 18. What is h(s)?
18
Let a(q) = -q**3 - 6*q**2 - 5*q + 8. Let y = 3088 - 3092. Give a(y).
-4
Let y(u) = -9*u + 1. Let f = 231 + -229. Suppose 0 = 4*w - 2*d + 4*d + f, -5*d = 2*w + 21. Calculate y(w).
-17
Let i(g) = -33*g - 312. Let d(s) = -22*s - 210. Let j(q) = 7*d(q) - 5*i(q). Determine j(-6).
24
Suppose -25 = -8*t - 1. Let f(l) = l**3 + l**2 - 9*l + 3. Let d(i) = 2*i**3 - 11*i + 3. Let h(u) = 3*d(u) - 4*f(u). Determine h(t).
24
Let f be 13/(-13 + 4 + 10). Let u(v) = -v**3 + 14*v**2 - 11*v - 21. Determine u(f).
5
Let k = 7330 - 7324. Let i(b) = -5*b**3 + 9*b**2 + 10*b - 1. Let y(u) = -6*u**3 + 10*u**2 + 11*u. Let n(a) = -5*i(a) + 4*y(a). Calculate n(k).
5
Let d(z) = z**3 - 9*z**2 + 15*z + 2. Let a = 10179 - 10172. Determine d(a).
9
Let i = 289637 + -289631. Let c(x) = -2*x**2 - 9*x - 1 + 3*x**2 + 20. Give c(i).
1
Let y(h) be the third derivative of -h**5/60 + h**4/3 - h**3 + 43*h**2. Let j be y(4). Suppose -m + j = 15. Let v(i) = i**2 + 9*i + 7. What is v(m)?
-13
Let i = 2052 + -2045. Let q(b) = -4*b + 6. Let d(h) be the second derivative of 3*h**3/2 - 13*h**2/2 + h. Let x(y) = i*q(y) + 3*d(y). Determine x(0).
3
Let j(t) be the third derivative of -17*t**4/24 + 11*t**3/6 + 112*t**2. Let b(l) = -5*l + 3. Let h(x) = 7*b(x) - 2*j(x). What is h(6)?
-7
Let a(v) be the first derivative of -5/2*v**2 + 1/3*v**3 - v - 35. Give a(4).
-5
Let t(l) = l**3 + 2*l**2 + 3. Let i(f) = -8*f**3 + f**2 + 21*f + 35. Let w(d) = i(d) + 9*t(d). What is w(-18)?
8
Let q(l) = 1153*l - 5786*l + 1159*l + 1160*l + 1159*l + 1156*l. Let o(a) = -a**3 + 3*a**2 + 4*a + 4. Let i be o(4). Suppose -18 = -2*t + i*t. Calculate q(t).
-9
Let x(k) = -2*k**3 + 52*k**2 - 3*k + 90. Let v be x(26). Let w be (-39 + 33)/(9/v). Let z(a) = a**3 + 9*a**2 + 8*a + 6. Give z(w).
6
Let h(m) = -m**2 - 26*m + 63. Let f = 25586 + -25614. Determine h(f).
7
Let b be ((-3724)/112)/((-2)/8). Let r = b - 129. Suppose -2*h - 2*h = r*t - 4, 5*h - 35 = 5*t. Let c(u) = u**3 - 3*u**2 + u - 1. What is c(h)?
19
Let l(q) = q**2 - 3*q. Suppose s + 371 = -0*r + r, r = 4*s + 1487. Let f = s - -375. What is l(f)?
0
Let r be 1/(-4) - 1769/(-244). Suppose -8*g - p + 7 = -r*g, -g + 4*p + 22 = 0. Let k(q) = -q**2 + 8*q + 20. Determine k(g).
0
Let b(f) = -11*f + 3. Let h(i) = -2*i**3 - 179*i**2 + 86*i - 361. Let l be h(-90). Give b(l).
14
Let z(x) = x**2 - x. Suppose 0 = -7*s - 126 + 119. Let b(a) = 5*a**2 + 4*a - 19. Let o(f) = s*b(f) + 4*z(f). Determine o(-10).
-1
Let a be -4*2 + (-6)/(-3). Let j be (-2)/(-10)*10 - 0. Let y(x) = -6*x**j - 4*x - 5*x - 2*x + 5*x - x**3 + 4*x - 7. What is y(a)?
5
Let s(b) be the first derivative of b**4/4 - 20*b**3/3 + 7*b**2/2 + 232*b - 3262. Determine s(19).
4
Suppose 8*i = 11 + 13. Suppose j - 4*j = -i*f - 21, 0 = j + 3*f + 13. Let x(n) = 2*n**j - 20 - 3*n + 5*n + 20. Determine x(2).
12
Let p(a) = -156*a + 5. Let f(n) = 22*n. Let m(v) = 7*f(v) + p(v). What is m(6)?
-7
Let a(o) be the second derivative of 5*o**3/6 - o**2 - 3*o. Let g(x) = 3*x**2 - 33*x + 4. Let d be g(11). Let v be 420/195 + d/(-26). What is a(v)?
8
Let l(j) = -j**2 - 2*j - 8. Let x(b) = 2*b**2 + 3*b + 9. Let q(g) = 3*l(g) + 2*x(g). Suppose -h - 5 = 0, 26*z + 2*h + 16 = 28*z. Determine q(z).
3
Let l(o) be the second derivative of 1/12*o**4 + 4*o + 0 + 0*o**2 + 1/20*o**5 + 1/3*o**3. Let q(f) be the second derivative of l(f). What is q(2)?
14
Suppose 3*c = 5 + 1. Suppose -c*b + 5 = w, 3*b + 10 = b + 2*w. Let u(x) = b*x + 9 + 10*x - 5*x - 7*x. What is u(6)?
-3
Let t(l) be the third derivative of l**4/6 + l**3/2 + 4*l**2. Let m = 195 + -250. Let k be (-5 + m/(-10))/((-4)/24). Calculate t(k).
-9
Let x(k) = -16*k**3 + 76*k**2 - 23*k + 53. Let l(w) = 9*w**3 - 43*w**2 + 11*w - 26. Let v(p) = -7*l(p) - 4*x(p). What is v(2)?
-4
Let p be (-4)/18 - 190/(-45). Let u(z) = -3*z - p*z + 5*z + 1 - 3*z. Let b(c) = c - 6. Let i be b(2). Determine u(i).
21
Let y(l) = -l**3 - 12*l**2 - 6*l + 55. Let w be y(-11). Let b(t) = -5*t - 9. Determine b(w).
-9
Let j(g) = -9*g**2 - 5*g + 13. Let r(q) = -5*q**2 - 3*q + 7. Let o(m) = 6*j(m) - 11*r(m). Let y be (15 - 9)*(5/2 - -2). Let a = -32 + y. Calculate o(a).
11
Let q(f) = -12*f**3 + 8*f**2 - f - 7. Let l(h) = -6*h**3 + h - 2*h - 229*h**2 + 234*h**2 - 4. Let s(y) = 5*l(y) - 3*q(y). Give s(1).
6
Let d(c) = -195*c**2 + 70*c**2 + 10 + 57*c**2 + 66*c**2 - c. Give d(5).
-45
Let k be (-3)/5*(-4 - -9) + 109. Let t(b) = -b + k - 109 + 0*b. Let g(n) = n**3 + 8*n**2 + 8*n - 1. Let q be g(-7). What is t(q)?
5
Let v(a) = a**3 - a**2 + 5*a + 1. Let m(k) = -k**3 - 4*k. Let l(p) = 5*m(p) + 4*v(p). Let j = -359 - -299. Let i be j/10 - (3 + -6). Calculate l(i).
-5
Let n(f) = -271*f - 2. Let m(h) = 77*h + 1. Let w(k) = 7*m(k) + 2*n(k). What is w(9)?
-24
Let s(y) = -y - 11. Let v be 6/(-7 - -6)*5/(-6). Suppose 0 = -d - 3*k + 2, -v*k - 26 = 3*d - 4*k. Determine s(d).
-1
Let j(g) = -13*g**3 - 14*g + 15. Let f(q) = 28*q**3 - q**2 + 29*q - 32. Let c(p) = 6*f(p) + 13*j(p). Determine c(-5).
18
Let s(o) = o**2 - 16*o + 22. Suppose -965 = -282*b + 3265. Give s(b).
7
Let g(t) be the third derivative of t**4/24 - t**3/6 + t**2. Let d b